83 composite?
False
Is 96079 prime?
True
Is 187111 prime?
True
Is 2152555 composite?
True
Is 36191 a prime number?
True
Is 32254 a composite number?
True
Is 544471 composite?
False
Is 379261 a composite number?
True
Is 361941 composite?
True
Is 3058853 prime?
False
Is 11179 prime?
False
Is 293 a prime number?
True
Is 5723 a prime number?
False
Is 2553203 a prime number?
True
Is 148279 a prime number?
True
Is 18302 prime?
False
Is 1155527 a composite number?
False
Is 1317751 prime?
True
Is 2916631 composite?
True
Is 1830163 prime?
True
Is 3787 a prime number?
False
Is 17021 a prime number?
True
Is 27613 composite?
True
Is 460991 a composite number?
False
Is 182123 prime?
True
Is 86153 a composite number?
True
Is 69949 prime?
False
Is 20261 composite?
False
Is 7115 a prime number?
False
Is 71623 prime?
False
Is 17539 prime?
True
Is 12773 prime?
False
Is 105013 a prime number?
False
Is 180211 prime?
True
Is 291 prime?
False
Is 493363 a composite number?
True
Is 551951 prime?
True
Is 14281 prime?
True
Is 354777 a prime number?
False
Is 3143 a prime number?
False
Is 263303 composite?
False
Is 14761 prime?
False
Is 43863 composite?
True
Is 22141 composite?
True
Is 226813 composite?
False
Is 1682899 a composite number?
True
Is 12497 composite?
False
Is 839873 a prime number?
True
Is 6542 composite?
True
Is 20931 a prime number?
False
Is 7621 prime?
True
Is 56981 composite?
True
Is 719 composite?
False
Is 58933 a prime number?
False
Is 95537 composite?
True
Is 80293 a prime number?
False
Is 81431 a prime number?
False
Is 2314297 prime?
True
Is 2123 a prime number?
False
Is 86627 a composite number?
False
Is 8747 prime?
True
Is 72739 composite?
False
Is 53231 composite?
False
Is 53771 composite?
True
Is 16349 prime?
True
Is 28051 prime?
True
Is 370651 a prime number?
False
Is 32191 a prime number?
True
Is 4174789 prime?
True
Is 56081 a prime number?
True
Is 4046287 composite?
True
Is 89513 prime?
True
Is 1039 composite?
False
Is 29779 prime?
False
Is 11413 a composite number?
True
Is 919509 prime?
False
Is 76367 a prime number?
True
Is 33547 a prime number?
True
Is 44537 composite?
False
Is 2731 composite?
False
Is 69271 a composite number?
True
Is 46807 a prime number?
True
Is 522455 prime?
False
Is 34819 composite?
False
Is 408191 a prime number?
False
Is 2897 a composite number?
False
Is 752281 a prime number?
True
Is 183423 composite?
True
Is 4362577 a composite number?
True
Is 4399 composite?
True
Is 1393559 prime?
True
Is 94814 composite?
True
Is 94274 a prime number?
False
Is 36845 a composite number?
True
Is 4336951 a prime number?
True
Is 91895 prime?
False
Is 238291 a composite number?
False
Is 306433 composite?
True
Is 112513 a composite number?
True
Is 18433 a composite number?
False
Is 37531 a composite number?
True
Is 72809 prime?
False
Is 117659 a composite number?
False
Is 6761 composite?
False
Is 35417 prime?
False
Is 443 composite?
False
Is 38069 composite?
False
Is 3791 prime?
False
Is 18355 a prime number?
False
Is 67549 a prime number?
False
Is 1059829 a composite number?
True
Is 6764249 a prime number?
False
Is 2101 prime?
False
Is 46073 a composite number?
False
Is 2879653 a prime number?
False
Is 100357 a prime number?
True
Is 160831 prime?
False
Is 343199 a composite number?
False
Is 35431 a prime number?
False
Is 18947 a prime number?
True
Is 1491851 a prime number?
True
Is 502097 prime?
False
Is 29411 composite?
False
Is 172421 prime?
True
Is 2657 composite?
False
Is 858749 a prime number?
True
Is 85385 a prime number?
False
Is 60341 a composite number?
True
Is 167771 composite?
False
Is 590542 a composite number?
True
Is 7013 a composite number?
False
Is 1422767 prime?
False
Is 19531 a composite number?
False
Is 24197 composite?
False
Is 249763 a prime number?
True
Is 16143 a prime number?
False
Is 243655 prime?
False
Is 6617 prime?
False
Is 115117 a composite number?
False
Is 1622263 composite?
False
Is 132157 prime?
True
Is 6005 a composite number?
True
Is 21247 composite?
False
Is 33679 prime?
True
Is 27143 a composite number?
False
Is 339037 prime?
False
Is 70898 a prime number?
False
Is 143843 a composite number?
True
Is 18157 composite?
True
Is 538987 prime?
True
Is 309731 prime?
True
Is 605987 composite?
False
Is 365659 composite?
True
Is 2053 composite?
False
Is 853 a prime number?
True
Is 49781 a prime number?
False
Is 161201 a composite number?
False
Is 24602 prime?
False
Is 65623 composite?
True
Is 18269 composite?
False
Is 3407 a composite number?
False
Is 146273 a prime number?
True
Is 6218 a composite number?
True
Is 63149 prime?
True
Is 273335 prime?
False
Is 61865 composite?
True
Is 8057 prime?
False
Is 14029 a prime number?
True
Is 201821 a prime number?
True
Is 884287 prime?
True
Is 18559 prime?
False
Is 1087 prime?
True
Is 52999 a prime number?
True
Is 553949 a composite number?
True
Is 481615 a prime number?
False
Is 1355 composite?
True
Is 61211 prime?
True
Is 12839 a prime number?
False
Is 6065 a composite number?
True
Is 30307 a prime number?
True
Is 2632198 composite?
True
Is 2819 prime?
True
Is 65 composite?
True
Is 218851 a composite number?
True
Is 161165 a composite number?
True
Is 11963 a composite number?
True
Is 3547 composite?
False
Is 115697 composite?
True
Is 3607 a composite number?
False
Is 278191 composite?
False
Is 421691 composite?
False
Is 154561 a composite number?
True
Is 4987 a composite number?
False
Is 48593 a prime number?
True
Is 8699 a prime number?
True
Is 86839 prime?
False
Is 2362271 a composite number?
False
Is 8989 prime?
False
Is 1640413 a composite number?
True
Is 85677 a composite number?
True
Is 911 prime?
True
Is 40007 composite?
True
Is 26777 composite?
False
Is 86641 prime?
False
Is 24763 a composite number?
False
Is 147835 prime?
False
Is 632171 a composite number?
True
Is 101951 a prime number?
False
Is 55441 a composite number?
False
Is 1003 a prime number?
False
Is 521 a prime number?
True
Is 5095 composite?
True
Is 40091 a prime number?
False
Is 271 a prime number?
True
Is 58907 a prime number?
True
Is 32209 composite?
True
Is 83465 a composite number?
True
Is 931837 a composite number?
False
Is 46889 a composite number?
False
Is 1436513 composite?
True
Is 288349 a prime number?
True
Is 14261 a composite number?
True
Is 12607 prime?
False
Is 65777 a composite number?
False
Is 534221 a prime number?
False
Is 19821 composite?
True
Is 251 a prime number?
True
Is 2279239 a prime number?
True
Is 42707 a composite number?
True
Is 43049 prime?
True
Is 420731 composite?
False
Is 1034827 a composite number?
False
Is 729655 a composite number?
True
Is 1246751 composite?
True
Is 768979 a composite number?
False
Is 101389 a composite number?
True
Is 51251 composite?
True
Is 1442962 prime?
False
Is 13577 composite?
False
Is 892442 a prime number?
False
Is 66831 composite?
True
Is 361027 a composite number?
True
Is 31009 composite?
True
Is 10893 a composite number?
True
Is 64131 prime?
False
Is 1295101 a composite number?
True
Is 71377 a composite number?
True
Is 24394 prime?
False
Is 9491 composite?
False
Is 64373 a composite number?
False
Is 7431143 prime?
True
Is 887 a prime number?
True
Is 10049 a prime number?
False
Is 19661 a prime number?
True
Is 15569 a prime number?
True
Is 3743 a prime number?
False
Is 32729 composite?
True
Is 9901 a composite number?
False
Is 30773 a prime number?
True
Is 10247 a composite number?
False
Is 3353 a composite number?
True
Is 13397 prime?
True
Is 109623 a prime number?
False
Is 7433 composite?
False
Is 17635 composite?
True
Is 318671 prime?
True
Is 220859 composite?
False
Is 17543 a prime number?
False
Is 440431 composite?
False
Is 1543 prime?
True
Is 471749 prime?
True
Is 13001 a prime number?
True
Is 647 a prime number?
True
Is 24019 a prime number?
True
Is 641 a prime number?
True
Is 105899 a composite number?
False
Is 536131 composite?
True
Is 493 composite?
True
Is 3989 a composite number?
False
Is 32707 prime?
True
Is 1358353 prime?
True
Is 303643 composite?
False
Is 103231 a composite number?
False
Is 141101 composite?
False
Is 18771 prime?
False
Is 379 composite?
False
Is 4547 a composite number?
False
Is 13327 composite?
False
Is 468757 a prime number?
False
Is 312043 composite?
False
Is 14813 composite?
False
Is 8659 a 